8?
74
Let t = 118 + -75. Suppose 0 = -5*w - t - 17. Let l = 32 + w. Calculate the highest common factor of 4 and l.
4
Let i(g) = -470*g + 706. Let s be i(1). Calculate the greatest common divisor of s and 2655.
59
Let i = -10460 + 10515. Suppose 0*g - g + 77 = 0. What is the highest common divisor of i and g?
11
Suppose -63*s - 10615 + 36190 = 12*s. Calculate the greatest common factor of s and 583.
11
Suppose 0 = -p + 1, -p = -4*h + 25 + 26. Suppose h*l - 22*l = 378. Let n = 46 + l. What is the highest common divisor of n and 28?
4
Let y be (-11)/((-275)/146980) - (-3 - 22/(-10)). Calculate the greatest common factor of 49 and y.
49
Let s = 12 - -627. Suppose -z = -85 - s. Suppose r - z = -5*p, -r - 4*r + 740 = 5*p. Calculate the highest common divisor of p and 36.
36
Suppose 270 = 5*j + 10. Suppose -258 = -54*d + j*d. Suppose i = 2*k + 102, 3*i - k - d = 152. What is the highest common factor of i and 23?
23
Suppose 5*v - 38 = 37. Suppose v*x = 1457 - 167. Suppose -20 = 11*t - x. Calculate the highest common divisor of t and 66.
6
Suppose -31*c - 2*c = -3*c. Suppose -4*b + 250 = 2*z - 58, c = -2*z + b + 283. Calculate the highest common divisor of z and 384.
48
Let p be (4/(-8))/((-22)/(-22))*-170. What is the highest common divisor of 135 and p?
5
Let q = -2270 - -2276. What is the greatest common factor of 3702 and q?
6
Let y be 4*(92/(-16))/1*145/(-5). What is the highest common factor of y and 276?
23
Let a = -318 - -1456. Suppose -4*m = -y - a, 2*m + 5*y - 326 = 254. Let u(n) = n**2 + n + 3. Let z be u(-4). What is the highest common factor of z and m?
15
Let f = 194 + -110. Suppose o - 68 = -f. Let s be o/10*(6 + (-119)/14). What is the greatest common divisor of s and 12?
4
Let a = -5 - -7. Suppose a*f = -4*p + 8, -5*f = -f + 3*p - 6. Suppose 17*w - 20*w + 180 = f. What is the greatest common divisor of 150 and w?
30
Suppose -3*h + 3*m = 189, 3*h + 2*m = m - 185. Let y = h - -65. Let r be 121 - ((y - -3) + -2). What is the highest common divisor of r and 78?
39
Let r(u) = 6*u + 24. Let o be r(20). Let g be 6/(-14) + (-1816)/(-56). Suppose g + 64 = 6*d. What is the greatest common factor of o and d?
16
Let d(g) = 30*g. Let k(v) = v. Let q be k(2). Let w be d(q). Suppose 2*z + 5*r = 7*r + 78, -5*r = -2*z + 75. What is the greatest common factor of z and w?
20
Let l be (1485/33 - 39)*(-20)/(-6). What is the greatest common divisor of 26490 and l?
10
Suppose 0 = -17*o - 198 + 728 + 830. Calculate the highest common factor of 6464 and o.
16
Let s = 597 - 394. Let o = 236 - s. Calculate the greatest common divisor of o and 561.
33
Let y(h) = -16*h**3 + 12*h**2 - 177*h - 1324. Let d be y(-8). What is the highest common factor of 584 and d?
292
Suppose -8*p = 8*p - 80. Let t be ((-26)/p + 6)*5. What is the greatest common divisor of 12 and t?
4
Let k be -4*(1 + (2 - 5)). Suppose 17*y = -k + 314. What is the highest common factor of 306 and y?
18
Let f = -160 + 163. Let d(n) = 2*n**3 - 6*n**2 + 18*n + 2. Let t be d(f). Calculate the greatest common factor of 70 and t.
14
Suppose -4*p = 2*p - 528. Let b be 92/22 + 2/(-11). Suppose -7*a + b = -52. Calculate the greatest common factor of p and a.
8
Let h be ((-2316)/3)/((-42)/(-56) - 58/56). What is the greatest common divisor of 14 and h?
14
Let j = -170 + 246. Let i(x) = 230*x - 4. Let h be i(1). Suppose 5*w = 5, -w - h = -2*d + w. Calculate the greatest common divisor of d and j.
38
Let j = 194 + -135. Suppose -13 = -6*y + j. Suppose 2*c = 3*c - y. What is the highest common divisor of 8 and c?
4
Let m = 23 - -6601. Calculate the highest common factor of 138 and m.
138
Let l(j) = -2*j**2 + 6*j + 14. Let k be l(0). Suppose -2 = g, -k = 2*c + 4*g - 76. What is the highest common divisor of c and 7?
7
Let c(u) = -u**2 + 162. Let a be c(0). Suppose -545*n + 1074*n - 541*n = -72. What is the highest common factor of a and n?
6
Suppose -5*d - 19 = -f, 2*d - 2 = -f - f. Suppose -f*j + 4 = 2*h - 2, 2*h - 3 = -3*j. Let z be (j/3*-16)/(-1). What is the highest common divisor of z and 1?
1
Suppose 36*t - 14820 - 746978 = 244258. Calculate the highest common divisor of t and 314.
314
Let t = -281 - -287. Let x(c) = -c**2 + 14*c. Let f be x(t). Calculate the greatest common factor of f and 32.
16
Suppose -3*b = -7*b + 1184. Let g = 197 + -185. Let o be 38 + (-1 - 0*(-4)/g). Calculate the highest common factor of o and b.
37
Suppose 34*l - 180144 + 18814 = 0. Calculate the highest common divisor of 65 and l.
65
Suppose -3*v = -c - 127, -5*c - 63 = -3*v + 56. Suppose 3*t + 26 + v = 0. Let o = 31 + t. What is the greatest common divisor of 16 and o?
8
Suppose 4*l - 597 = 63. Suppose -142 = -7*z + 10785. Suppose z - 1726 = -11*j. Calculate the highest common divisor of j and l.
15
Let s(q) = 2*q**3 + 56*q**2 + 55*q + 696. Let h be s(-26). Calculate the greatest common divisor of 20 and h.
10
Let p = 278 - 110. Let v(y) = 10*y**3 - y**2 + 122*y - 248. Let u be v(2). Calculate the greatest common divisor of p and u.
24
Let o = 7485 - 7441. Let i = 2 - 0. What is the highest common divisor of i and o?
2
Let c(s) = -494*s - 2197. Let f be c(-6). What is the highest common divisor of f and 52?
13
Let k = -1232 - -1882. Let g be (-2910)/(-170) + -4 + (-1)/17*2. What is the highest common divisor of k and g?
13
Suppose -294 = -9*s + 12. Let w = s - 29. Suppose w*z = -u + 136, -3*u - 2*z + 0*z = -460. Calculate the greatest common factor of 39 and u.
39
Let j = -9307 - -11737. What is the greatest common divisor of 180 and j?
90
Let u = 41 + -69. Let a = -18 - u. Suppose 5*z = w - 55, 5*w - 2*z = 213 + 177. What is the greatest common divisor of w and a?
10
Suppose 0 = 6*z - 372 - 78. Calculate the highest common factor of 195 and z.
15
Suppose -51*h = -48*h - 15. Suppose 0 = h*r - 4*g - 1300 - 691, 0 = -2*r + 5*g + 810. Calculate the greatest common divisor of 158 and r.
79
Let m = -3477 + 3493. Calculate the greatest common divisor of 2608 and m.
16
Let i = -58 + 59. Let b be 3/2*920/69. Suppose f - k = -4*k + 23, -5*k = -b. What is the highest common divisor of i and f?
1
Let m = 26 + -102. Let b = -2536 - -2646. Let n = m + b. Calculate the highest common divisor of n and 34.
34
Let s be -7*8/(-14) - (-3 - 8/2). Calculate the highest common divisor of s and 1375.
11
Let g = -3566 - -3577. Calculate the highest common divisor of 44 and g.
11
Suppose 17482 - 6100 = -21*z. Let u = z - -617. What is the greatest common divisor of u and 120?
15
Suppose 2*z + 20 = -3*z, 0 = -2*j + 8*z + 2900. What is the highest common factor of j and 6?
6
Let q(u) be the second derivative of u**3/3 - 31*u**2/2 - 24*u. Let j be q(-8). Let c = -11 - j. What is the highest common factor of 12 and c?
12
Let i(c) = 41*c**2 + 798*c - 797. Let l be i(1). Let z(p) = 434*p**3 + 2*p + 2. Let b be z(-1). Let f = -56 - b. What is the highest common factor of f and l?
42
Let d(k) = -k**3 - 71*k**2 + 53*k + 1470. Let l be d(-72). Calculate the highest common factor of l and 990.
66
Let p(w) = w**3 + 13*w**2 - w + 17. Let i be p(-13). Let n(z) = 8*z - 214. Let t be n(i). Calculate the greatest common divisor of t and 442.
26
Let q(s) = 2*s**3 + 17*s**2 - 14*s - 21. Let k be q(-8). What is the greatest common factor of 341 and k?
31
Let x = 817 + -742. Calculate the highest common factor of x and 5250.
75
Suppose -2078*w = -2066*w - 13320. What is the highest common factor of w and 120?
30
Let k(h) = -1620*h - 9303. Let q be k(-11). What is the greatest common divisor of q and 51?
51
Suppose -3*s + 12576 = -15*s + 16*s. What is the greatest common divisor of 6 and s?
6
Let y be 1*(33901/261 - (-2)/18). Suppose -14 = -f - 6*f. Suppose 3*w + 3*m = 15, f*m - 4*m = -3*w + 40. What is the greatest common factor of y and w?
10
Suppose 0 = 2*w + 10, -k + 625 = 3*w - 0*w. Let o = -184 - -189. Calculate the greatest common factor of o and k.
5
Let b be (-4 - 6/(-2))*-23. Let r be (1 - 2309) + 5 + -1*2. Let h be r/(-25) - (-3)/(-15). Calculate the highest common divisor of b and h.
23
Suppose 5*u = -2*m + 103, 52*u = -m + 54*u + 29. Calculate the greatest common divisor of m and 3.
3
Let o(l) = 59*l - 21. Let y be o(-10). Let j = -252 - y. Suppose 0 = 3*b - 3*t - 1047, t - j = -b - 3*t. Calculate the highest common factor of 39 and b.
39
Let k(g) = -g**2 +